{"id":60,"date":"2011-06-17T05:45:53","date_gmt":"2011-06-17T05:45:53","guid":{"rendered":"http:\/\/fundatiaaxis.ro\/?page_id=60"},"modified":"2021-03-29T17:06:10","modified_gmt":"2021-03-29T17:06:10","slug":"stiinte-juridice","status":"publish","type":"page","link":"https:\/\/fundatiaaxis.ro\/?page_id=60","title":{"rendered":"\u015eTIIN\u0162E JURIDICE"},"content":{"rendered":"<p><!--:ro-->\u00a0<\/p>\n<table border=\"1\" cellspacing=\"0\" cellpadding=\"0\">\n<tbody>\n<tr>\n<td width=\"163\" valign=\"top\"><strong>Autor<\/strong><\/td>\n<td width=\"324\" valign=\"top\"><strong>Titlu<\/strong><\/td>\n<td width=\"132\" valign=\"top\"><strong>Anul<\/strong><\/td>\n<\/tr>\n<tr>\n<td width=\"163\" valign=\"top\"><strong>\u00a0<\/strong><\/td>\n<td width=\"324\" valign=\"top\">Gheorghe Iacob,<em> Economia Rom\u00e2niei (1859-1939). Fapte, legi, idei<\/em><\/td>\n<td width=\"132\" valign=\"top\">1996<strong>\u00a0<\/strong><\/td>\n<\/tr>\n<tr>\n<td width=\"163\" valign=\"top\"><strong>\u00a0<\/strong><\/td>\n<td width=\"324\" valign=\"top\">Maria Sandu,<em> Filia\u0163ia. Abordare socio-juridic\u0103<\/em><strong>\u00a0<\/strong><\/td>\n<td width=\"132\" valign=\"top\">2003<strong>\u00a0<\/strong><\/td>\n<\/tr>\n<tr>\n<td width=\"163\" valign=\"top\"><strong>\u00a0<\/strong><\/td>\n<td width=\"324\" valign=\"top\">Valerius M Ciuc\u0103,<em> Lec\u0163ii de drept privat comparat<\/em><strong>\u00a0<\/strong><\/td>\n<td width=\"132\" valign=\"top\">2003<strong>\u00a0<\/strong><\/td>\n<\/tr>\n<tr>\n<td width=\"163\" valign=\"top\"><strong>\u00a0<\/strong><\/td>\n<td width=\"324\" valign=\"top\">Aurora Ciuc\u0103,<em> Protec\u0163ia interna\u0163ional\u0103 a drepturilor omului<\/em><strong>\u00a0<\/strong><\/td>\n<td width=\"132\" valign=\"top\">2004<strong>\u00a0<\/strong><\/td>\n<\/tr>\n<tr>\n<td width=\"163\" valign=\"top\"><strong>\u00a0<\/strong><\/td>\n<td width=\"324\" valign=\"top\">Valerius M Ciuc\u0103,<em> Lec\u0163ii introductive de hermeneutic\u0103 jur\u00adidic\u0103<\/em><strong>\u00a0<\/strong><\/td>\n<td width=\"132\" valign=\"top\">2005<strong>\u00a0<\/strong><\/td>\n<\/tr>\n<tr>\n<td width=\"163\" valign=\"top\"><strong>\u00a0<\/strong><\/td>\n<td width=\"324\" valign=\"top\">Valerius M Ciuc\u0103,<em> Lec\u0163ii de drept privat comparat<\/em><strong>\u00a0<\/strong><\/td>\n<td width=\"132\" valign=\"top\">2005<strong>\u00a0<\/strong><\/td>\n<\/tr>\n<tr>\n<td width=\"163\" valign=\"top\"><strong>\u00a0<\/strong><\/td>\n<td width=\"324\" valign=\"top\">Aurora Ciuc\u0103,<em> Drept interna\u0163ional public<\/em><strong>\u00a0<\/strong>Aurora Ciuc\u0103, <em>Statut personal \u015fi na\u0163ionalitate \u00een dreptul inter\u00adna\u0163ional privat<\/em><\/td>\n<td width=\"132\" valign=\"top\">2005<strong>\u00a0<\/strong><strong>\u00a0<\/strong><\/p>\n<p>2005<\/td>\n<\/tr>\n<tr>\n<td width=\"163\" valign=\"top\"><strong><a href=\"http:\/\/fundatiaaxis.ro\/wp-content\/uploads\/Ciuca_Psihanaliza_seria-stiinte-juridice.jpg\"><img loading=\"lazy\" class=\"alignnone size-thumbnail wp-image-25\" title=\"Ciuca_Psihanaliza_seria stiinte juridice\" src=\"http:\/\/fundatiaaxis.ro\/wp-content\/uploads\/Ciuca_Psihanaliza_seria-stiinte-juridice-150x150.jpg\" alt=\"\" width=\"150\" height=\"150\" \/><\/a><\/strong><\/td>\n<td width=\"324\" valign=\"top\">Gheorghe Scripcaru, Valerius M Ciuc\u0103, C\u0103lin Scripcaru<em> Psihanaliz\u0103 \u015fi hermeneutic\u0103 juridic\u0103<\/em><strong>\u00a0<\/strong><\/td>\n<td width=\"132\" valign=\"top\">2005<strong>\u00a0<\/strong><\/td>\n<\/tr>\n<tr>\n<td width=\"163\" valign=\"top\"><strong>\u00a0<\/strong><\/td>\n<td width=\"324\" valign=\"top\">Valerius M. Ciuc\u0103 (coord.), Liviu Dam\u015fa, Gheorghe Durac, Tom Rawlings, Dan Stoica, Mihaela V\u00e2rnav, <em>\u00a0Lec\u0163ii de drept privat com\u00adparat<\/em> vol. II<strong>\u00a0<\/strong><\/td>\n<td width=\"132\" valign=\"top\">2006<strong>\u00a0<\/strong><\/td>\n<\/tr>\n<tr>\n<td width=\"163\" valign=\"top\"><strong><a href=\"http:\/\/fundatiaaxis.ro\/wp-content\/uploads\/Luca_Drept-civil_seria-stiinte-juridice.jpg\"><img loading=\"lazy\" class=\"alignnone size-thumbnail wp-image-39\" title=\"Luca_Drept civil_seria stiinte juridice\" src=\"http:\/\/fundatiaaxis.ro\/wp-content\/uploads\/Luca_Drept-civil_seria-stiinte-juridice-150x150.jpg\" alt=\"\" width=\"150\" height=\"150\" \/><\/a><\/strong><\/td>\n<td width=\"324\" valign=\"top\">Aneta Luca, Petre-R\u0103zvan Luca,<em> Drept civil rom\u00e2n. <\/em><em>Itinerari termonologic<\/em><strong>\u00a0<\/strong><\/td>\n<td width=\"132\" valign=\"top\">2006<strong>\u00a0<\/strong><\/td>\n<\/tr>\n<tr>\n<td width=\"163\" valign=\"top\"><strong><a href=\"http:\/\/fundatiaaxis.ro\/wp-content\/uploads\/Ciuca-radicalism_seria-stiinte-juridice.jpg\"><img loading=\"lazy\" class=\"alignnone size-thumbnail wp-image-23\" title=\"Ciuca radicalism_seria stiinte juridice\" src=\"http:\/\/fundatiaaxis.ro\/wp-content\/uploads\/Ciuca-radicalism_seria-stiinte-juridice-150x150.jpg\" alt=\"\" width=\"150\" height=\"150\" \/><\/a><\/strong><\/td>\n<td width=\"324\" valign=\"top\"><a title=\"BNR\" href=\"http:\/\/aleph.bibnat.ro:8991\/F\/KU2GL1C2ICG19F7DYCNNLKC679L3EFK863B74VDH6GJYR5QR24-18273?func=full-set-set&amp;set_number=020330&amp;set_entry=000001&amp;format=037\" target=\"_blank\" rel=\"noopener\">Gheorghe Scripcaru &amp; Valerius M Ciuc\u0103, <em>\u00a0Individul radical<\/em><strong>\u00a0<\/strong><\/a><\/td>\n<td width=\"132\" valign=\"top\">2006<strong>\u00a0<\/strong><\/td>\n<\/tr>\n<tr>\n<td width=\"163\" valign=\"top\"><strong><a href=\"http:\/\/fundatiaaxis.ro\/wp-content\/uploads\/Ciuca-V_Lectii-drept-privat_persoanele_seria-stiinte-juridice.jpg\"><img loading=\"lazy\" class=\"alignnone size-thumbnail wp-image-24\" title=\"Ciuca V_Lectii drept privat_persoanele_seria stiinte juridice\" src=\"http:\/\/fundatiaaxis.ro\/wp-content\/uploads\/Ciuca-V_Lectii-drept-privat_persoanele_seria-stiinte-juridice-150x150.jpg\" alt=\"\" width=\"150\" height=\"150\" \/><\/a><\/strong><\/td>\n<td width=\"324\" valign=\"top\"><a title=\"BNR\" href=\"http:\/\/aleph.bibnat.ro:8991\/F\/KU2GL1C2ICG19F7DYCNNLKC679L3EFK863B74VDH6GJYR5QR24-18482?func=full-set-set&amp;set_number=020338&amp;set_entry=000001&amp;format=037\" target=\"_blank\" rel=\"noopener\">Valerius Ciuc\u0103,<em> <\/em><em>Lec\u0163ii de drept privat comparat. Institu\u0163ii \u00een dreptul privat comparat. Persoanele<\/em><strong>\u00a0<\/strong><\/a><\/td>\n<td width=\"132\" valign=\"top\">2008<strong>\u00a0<\/strong><\/td>\n<\/tr>\n<tr>\n<td width=\"163\" valign=\"top\"><strong><a href=\"http:\/\/fundatiaaxis.ro\/wp-content\/uploads\/Ciuca-Aurora_seria-stiinte-juridice.jpg\"><img loading=\"lazy\" class=\"alignnone size-thumbnail wp-image-22\" title=\"Ciuca Aurora_seria stiinte juridice\" src=\"http:\/\/fundatiaaxis.ro\/wp-content\/uploads\/Ciuca-Aurora_seria-stiinte-juridice-150x150.jpg\" alt=\"\" width=\"150\" height=\"150\" \/><\/a><\/strong><\/td>\n<td width=\"324\" valign=\"top\"><a title=\"BNR\" href=\"http:\/\/aleph.bibnat.ro:8991\/F\/KU2GL1C2ICG19F7DYCNNLKC679L3EFK863B74VDH6GJYR5QR24-19038?func=full-set-set&amp;set_number=020340&amp;set_entry=000001&amp;format=037\" target=\"_blank\" rel=\"noopener\">Aurora Ciuc\u0103,<em> Protec\u0163ia interna\u0163ional\u0103 a drepturilor omului ed a III-a<\/em><\/a><strong>\u00a0<\/strong><\/td>\n<td width=\"132\" valign=\"top\">2009<strong>\u00a0<\/strong><\/td>\n<\/tr>\n<tr>\n<td width=\"163\" valign=\"top\">\u00a0<\/td>\n<td width=\"324\" valign=\"top\">Valerius M Ciuc\u0103,<em> Vagant prin ideea european\u0103 Fulgura\u0163ii juridico-filosofice<\/em><\/td>\n<td width=\"132\" valign=\"top\">2010<\/td>\n<\/tr>\n<tr>\n<td width=\"163\" valign=\"top\">\u00a0<\/td>\n<td width=\"324\" valign=\"top\"><a title=\"BNR\" href=\"http:\/\/aleph.bibnat.ro:8991\/F\/KU2GL1C2ICG19F7DYCNNLKC679L3EFK863B74VDH6GJYR5QR24-19228?func=full-set-set&amp;set_number=020342&amp;set_entry=000001&amp;format=037\" target=\"_blank\" rel=\"noopener\">Gheorghe Durac,<em> Drept procesual civil Teoria general\u0103 judecata \u00een prim\u0103 instan\u0163\u0103 c\u0103ile legale de atac<\/em><\/a><\/td>\n<td width=\"132\" valign=\"top\">2010<\/td>\n<\/tr>\n<tr>\n<td width=\"163\" valign=\"top\">\u00a0<\/td>\n<td width=\"324\" valign=\"top\">Valerius M Ciuc\u0103,<em> Itinerarii prin pretoriile europene<\/em><\/td>\n<td width=\"132\" valign=\"top\">2011<\/td>\n<\/tr>\n<\/tbody>\n<\/table>\n<p><!--:--><!--:en-->\u00a0<\/p>\n<table border=\"1\" cellspacing=\"0\" cellpadding=\"0\">\n<tbody>\n<tr>\n<td width=\"163\" valign=\"top\"><strong>Autor<\/strong><\/td>\n<td width=\"324\" valign=\"top\"><strong>Titlu<\/strong><\/td>\n<td width=\"132\" valign=\"top\"><strong>Anul<\/strong><\/td>\n<\/tr>\n<tr>\n<td width=\"163\" valign=\"top\"><strong>\u00a0<\/strong><\/td>\n<td width=\"324\" valign=\"top\">Gheorghe Iacob,<em> Economia Rom\u00e2niei (1859-1939). Fapte, legi, idei<\/em><\/td>\n<td width=\"132\" valign=\"top\">1996<strong>\u00a0<\/strong><\/td>\n<\/tr>\n<tr>\n<td width=\"163\" valign=\"top\"><strong>\u00a0<\/strong><\/td>\n<td width=\"324\" valign=\"top\">Maria Sandu,<em> Filia\u0163ia. Abordare socio-juridic\u0103<\/em><strong>\u00a0<\/strong><\/td>\n<td width=\"132\" valign=\"top\">2003<strong>\u00a0<\/strong><\/td>\n<\/tr>\n<tr>\n<td width=\"163\" valign=\"top\"><strong>\u00a0<\/strong><\/td>\n<td width=\"324\" valign=\"top\">Valerius M Ciuc\u0103,<em> Lec\u0163ii de drept privat comparat<\/em><strong>\u00a0<\/strong><\/td>\n<td width=\"132\" valign=\"top\">2003<strong>\u00a0<\/strong><\/td>\n<\/tr>\n<tr>\n<td width=\"163\" valign=\"top\"><strong>\u00a0<\/strong><\/td>\n<td width=\"324\" valign=\"top\">Aurora Ciuc\u0103,<em> Protec\u0163ia interna\u0163ional\u0103 a drepturilor omului<\/em><strong>\u00a0<\/strong><\/td>\n<td width=\"132\" valign=\"top\">2004<strong>\u00a0<\/strong><\/td>\n<\/tr>\n<tr>\n<td width=\"163\" valign=\"top\"><strong>\u00a0<\/strong><\/td>\n<td width=\"324\" valign=\"top\">Valerius M Ciuc\u0103,<em> Lec\u0163ii introductive de hermeneutic\u0103 jur\u00adidic\u0103<\/em><strong>\u00a0<\/strong><\/td>\n<td width=\"132\" valign=\"top\">2005<strong>\u00a0<\/strong><\/td>\n<\/tr>\n<tr>\n<td width=\"163\" valign=\"top\"><strong>\u00a0<\/strong><\/td>\n<td width=\"324\" valign=\"top\">Valerius M Ciuc\u0103,<em> Lec\u0163ii de drept privat comparat<\/em><strong>\u00a0<\/strong><\/td>\n<td width=\"132\" valign=\"top\">2005<strong>\u00a0<\/strong><\/td>\n<\/tr>\n<tr>\n<td width=\"163\" valign=\"top\"><strong>\u00a0<\/strong><\/td>\n<td width=\"324\" valign=\"top\">Aurora Ciuc\u0103,<em> Drept interna\u0163ional public<\/em><strong>\u00a0<\/strong>Aurora Ciuc\u0103, <em>Statut personal \u015fi na\u0163ionalitate \u00een dreptul inter\u00adna\u0163ional privat<\/em><\/td>\n<td width=\"132\" valign=\"top\">2005<strong>\u00a0<\/strong><strong>\u00a0<\/strong><\/p>\n<p>2005<\/td>\n<\/tr>\n<tr>\n<td width=\"163\" valign=\"top\"><strong><a href=\"http:\/\/fundatiaaxis.ro\/wp-content\/uploads\/Ciuca_Psihanaliza_seria-stiinte-juridice.jpg\"><img loading=\"lazy\" class=\"alignnone size-thumbnail wp-image-25\" title=\"Ciuca_Psihanaliza_seria stiinte juridice\" src=\"http:\/\/fundatiaaxis.ro\/wp-content\/uploads\/Ciuca_Psihanaliza_seria-stiinte-juridice-150x150.jpg\" alt=\"\" width=\"150\" height=\"150\" \/><\/a><\/strong><\/td>\n<td width=\"324\" valign=\"top\">Gheorghe Scripcaru, Valerius M Ciuc\u0103, C\u0103lin Scripcaru<em> Psihanaliz\u0103 \u015fi hermeneutic\u0103 juridic\u0103<\/em><strong>\u00a0<\/strong><\/td>\n<td width=\"132\" valign=\"top\">2005<strong>\u00a0<\/strong><\/td>\n<\/tr>\n<tr>\n<td width=\"163\" valign=\"top\"><strong>\u00a0<\/strong><\/td>\n<td width=\"324\" valign=\"top\">Valerius M. Ciuc\u0103 (coord.), Liviu Dam\u015fa, Gheorghe Durac, Tom Rawlings, Dan Stoica, Mihaela V\u00e2rnav, <em>\u00a0Lec\u0163ii de drept privat com\u00adparat<\/em> vol. II<strong>\u00a0<\/strong><\/td>\n<td width=\"132\" valign=\"top\">2006<strong>\u00a0<\/strong><\/td>\n<\/tr>\n<tr>\n<td width=\"163\" valign=\"top\"><strong><a href=\"http:\/\/fundatiaaxis.ro\/wp-content\/uploads\/Luca_Drept-civil_seria-stiinte-juridice.jpg\"><img loading=\"lazy\" class=\"alignnone size-thumbnail wp-image-39\" title=\"Luca_Drept civil_seria stiinte juridice\" src=\"http:\/\/fundatiaaxis.ro\/wp-content\/uploads\/Luca_Drept-civil_seria-stiinte-juridice-150x150.jpg\" alt=\"\" width=\"150\" height=\"150\" \/><\/a><\/strong><\/td>\n<td width=\"324\" valign=\"top\">Aneta Luca, Petre-R\u0103zvan Luca,<em> Drept civil rom\u00e2n. <\/em><em>Itinerari termonologic<\/em><strong>\u00a0<\/strong><\/td>\n<td width=\"132\" valign=\"top\">2006<strong>\u00a0<\/strong><\/td>\n<\/tr>\n<tr>\n<td width=\"163\" valign=\"top\"><strong><a href=\"http:\/\/fundatiaaxis.ro\/wp-content\/uploads\/Ciuca-radicalism_seria-stiinte-juridice.jpg\"><img loading=\"lazy\" class=\"alignnone size-thumbnail wp-image-23\" title=\"Ciuca radicalism_seria stiinte juridice\" src=\"http:\/\/fundatiaaxis.ro\/wp-content\/uploads\/Ciuca-radicalism_seria-stiinte-juridice-150x150.jpg\" alt=\"\" width=\"150\" height=\"150\" \/><\/a><\/strong><\/td>\n<td width=\"324\" valign=\"top\"><a title=\"BNR\" href=\"http:\/\/aleph.bibnat.ro:8991\/F\/KU2GL1C2ICG19F7DYCNNLKC679L3EFK863B74VDH6GJYR5QR24-18273?func=full-set-set&amp;set_number=020330&amp;set_entry=000001&amp;format=037\" target=\"_blank\" rel=\"noopener\">Gheorghe Scripcaru &amp; Valerius M Ciuc\u0103, <em>\u00a0Individul radical<\/em><strong>\u00a0<\/strong><\/a><\/td>\n<td width=\"132\" valign=\"top\">2006<strong>\u00a0<\/strong><\/td>\n<\/tr>\n<tr>\n<td width=\"163\" valign=\"top\"><strong><a href=\"http:\/\/fundatiaaxis.ro\/wp-content\/uploads\/Ciuca-V_Lectii-drept-privat_persoanele_seria-stiinte-juridice.jpg\"><img loading=\"lazy\" class=\"alignnone size-thumbnail wp-image-24\" title=\"Ciuca V_Lectii drept privat_persoanele_seria stiinte juridice\" src=\"http:\/\/fundatiaaxis.ro\/wp-content\/uploads\/Ciuca-V_Lectii-drept-privat_persoanele_seria-stiinte-juridice-150x150.jpg\" alt=\"\" width=\"150\" height=\"150\" \/><\/a><\/strong><\/td>\n<td width=\"324\" valign=\"top\"><a title=\"BNR\" href=\"http:\/\/aleph.bibnat.ro:8991\/F\/KU2GL1C2ICG19F7DYCNNLKC679L3EFK863B74VDH6GJYR5QR24-18482?func=full-set-set&amp;set_number=020338&amp;set_entry=000001&amp;format=037\" target=\"_blank\" rel=\"noopener\">Valerius Ciuc\u0103,<em> <\/em><em>Lec\u0163ii de drept privat comparat. Institu\u0163ii \u00een dreptul privat comparat. Persoanele<\/em><strong>\u00a0<\/strong><\/a><\/td>\n<td width=\"132\" valign=\"top\">2008<strong>\u00a0<\/strong><\/td>\n<\/tr>\n<tr>\n<td width=\"163\" valign=\"top\"><strong><a href=\"http:\/\/fundatiaaxis.ro\/wp-content\/uploads\/Ciuca-Aurora_seria-stiinte-juridice.jpg\"><img loading=\"lazy\" class=\"alignnone size-thumbnail wp-image-22\" title=\"Ciuca Aurora_seria stiinte juridice\" src=\"http:\/\/fundatiaaxis.ro\/wp-content\/uploads\/Ciuca-Aurora_seria-stiinte-juridice-150x150.jpg\" alt=\"\" width=\"150\" height=\"150\" \/><\/a><\/strong><\/td>\n<td width=\"324\" valign=\"top\"><a title=\"BNR\" href=\"http:\/\/aleph.bibnat.ro:8991\/F\/KU2GL1C2ICG19F7DYCNNLKC679L3EFK863B74VDH6GJYR5QR24-19038?func=full-set-set&amp;set_number=020340&amp;set_entry=000001&amp;format=037\" target=\"_blank\" rel=\"noopener\">Aurora Ciuc\u0103,<em> Protec\u0163ia interna\u0163ional\u0103 a drepturilor omului ed a III-a<\/em><\/a><strong>\u00a0<\/strong><\/td>\n<td width=\"132\" valign=\"top\">2009<strong>\u00a0<\/strong><\/td>\n<\/tr>\n<tr>\n<td width=\"163\" valign=\"top\">\u00a0<\/td>\n<td width=\"324\" valign=\"top\">Valerius M Ciuc\u0103,<em> Vagant prin ideea european\u0103 Fulgura\u0163ii juridico-filosofice<\/em><\/td>\n<td width=\"132\" valign=\"top\">2010<\/td>\n<\/tr>\n<tr>\n<td width=\"163\" valign=\"top\">\u00a0<\/td>\n<td width=\"324\" valign=\"top\"><a title=\"BNR\" href=\"http:\/\/aleph.bibnat.ro:8991\/F\/KU2GL1C2ICG19F7DYCNNLKC679L3EFK863B74VDH6GJYR5QR24-19228?func=full-set-set&amp;set_number=020342&amp;set_entry=000001&amp;format=037\" target=\"_blank\" rel=\"noopener\">Gheorghe Durac,<em> Drept procesual civil Teoria general\u0103 judecata \u00een prim\u0103 instan\u0163\u0103 c\u0103ile legale de atac<\/em><\/a><\/td>\n<td width=\"132\" valign=\"top\">2010<\/td>\n<\/tr>\n<tr>\n<td width=\"163\" valign=\"top\">\u00a0<\/td>\n<td width=\"324\" valign=\"top\">Valerius M Ciuc\u0103,<em> Itinerarii prin pretoriile europene<\/em><\/td>\n<td width=\"132\" valign=\"top\">2011<\/td>\n<\/tr>\n<\/tbody>\n<\/table>\n<p><!--:--><\/p>\n","protected":false},"excerpt":{"rendered":"<p>\u00a0 Autor Titlu Anul \u00a0 Gheorghe Iacob, Economia Rom\u00e2niei (1859-1939). Fapte, legi, idei 1996\u00a0 \u00a0 Maria Sandu, Filia\u0163ia. Abordare socio-juridic\u0103\u00a0 2003\u00a0 \u00a0 Valerius M Ciuc\u0103, Lec\u0163ii de drept privat comparat\u00a0 2003\u00a0 \u00a0 Aurora Ciuc\u0103, Protec\u0163ia interna\u0163ional\u0103 a drepturilor omului\u00a0 2004\u00a0 &hellip; <a href=\"https:\/\/fundatiaaxis.ro\/?page_id=60\">Continue reading <span class=\"meta-nav\">&rarr;<\/span><\/a><\/p>\n","protected":false},"author":1,"featured_media":0,"parent":56,"menu_order":0,"comment_status":"closed","ping_status":"closed","template":"","meta":[],"_links":{"self":[{"href":"https:\/\/fundatiaaxis.ro\/index.php?rest_route=\/wp\/v2\/pages\/60"}],"collection":[{"href":"https:\/\/fundatiaaxis.ro\/index.php?rest_route=\/wp\/v2\/pages"}],"about":[{"href":"https:\/\/fundatiaaxis.ro\/index.php?rest_route=\/wp\/v2\/types\/page"}],"author":[{"embeddable":true,"href":"https:\/\/fundatiaaxis.ro\/index.php?rest_route=\/wp\/v2\/users\/1"}],"replies":[{"embeddable":true,"href":"https:\/\/fundatiaaxis.ro\/index.php?rest_route=%2Fwp%2Fv2%2Fcomments&post=60"}],"version-history":[{"count":11,"href":"https:\/\/fundatiaaxis.ro\/index.php?rest_route=\/wp\/v2\/pages\/60\/revisions"}],"predecessor-version":[{"id":536,"href":"https:\/\/fundatiaaxis.ro\/index.php?rest_route=\/wp\/v2\/pages\/60\/revisions\/536"}],"up":[{"embeddable":true,"href":"https:\/\/fundatiaaxis.ro\/index.php?rest_route=\/wp\/v2\/pages\/56"}],"wp:attachment":[{"href":"https:\/\/fundatiaaxis.ro\/index.php?rest_route=%2Fwp%2Fv2%2Fmedia&parent=60"}],"curies":[{"name":"wp","href":"https:\/\/api.w.org\/{rel}","templated":true}]}}