{"id":62,"date":"2011-06-17T05:46:15","date_gmt":"2011-06-17T05:46:15","guid":{"rendered":"http:\/\/fundatiaaxis.ro\/?page_id=62"},"modified":"2021-03-29T17:05:19","modified_gmt":"2021-03-29T17:05:19","slug":"medicina","status":"publish","type":"page","link":"https:\/\/fundatiaaxis.ro\/?page_id=62","title":{"rendered":"MEDICIN\u0102"},"content":{"rendered":"<p><!--:ro-->\u00a0<\/p>\n<table border=\"1\" cellspacing=\"0\" cellpadding=\"0\">\n<tbody>\n<tr>\n<td width=\"223\" valign=\"top\"><strong>\u00a0<\/strong><\/td>\n<td width=\"276\" valign=\"top\">Ioan Ambros\u0103, Gh. Solcan, Ioan Liviu Mitrea,<em> Semiologie veterinar\u0103 \u015fi diagnostic clinic<\/em><strong>\u00a0<\/strong><\/td>\n<td width=\"156\" valign=\"top\">2000<strong>\u00a0<\/strong><\/td>\n<\/tr>\n<tr>\n<td width=\"223\" valign=\"top\"><strong>\u00a0<\/strong><\/td>\n<td width=\"276\" valign=\"top\">Iolanda Tobolcea,<em> Orient\u0103ri psihologice \u015fi logopedice \u00een logone\u00advroz\u0103<\/em><strong>\u00a0<\/strong><\/td>\n<td width=\"156\" valign=\"top\">2000<strong>\u00a0<\/strong><\/td>\n<\/tr>\n<tr>\n<td width=\"223\" valign=\"top\"><strong><a href=\"http:\/\/fundatiaaxis.ro\/wp-content\/uploads\/Danaila_Semiologie_seria-medicina.jpg\"><img loading=\"lazy\" class=\"alignnone size-thumbnail wp-image-29\" title=\"Danaila_Semiologie_seria medicina\" src=\"http:\/\/fundatiaaxis.ro\/wp-content\/uploads\/Danaila_Semiologie_seria-medicina-150x150.jpg\" alt=\"\" width=\"150\" height=\"150\" \/><\/a><\/strong><\/td>\n<td width=\"276\" valign=\"top\">C\u0103t\u0103lin D\u0103n\u0103il\u0103,<em> Semiologie medical\u0103 \u2013 Hematologie<\/em><strong>\u00a0<\/strong><\/td>\n<td width=\"156\" valign=\"top\">2007<strong>\u00a0<\/strong><\/td>\n<\/tr>\n<tr>\n<td width=\"223\" valign=\"top\"><strong><a href=\"http:\/\/fundatiaaxis.ro\/wp-content\/uploads\/Stefanescu-cristinel_seria-medicina.jpg\"><img loading=\"lazy\" class=\"alignnone size-thumbnail wp-image-51\" title=\"Stefanescu cristinel_seria medicina\" src=\"http:\/\/fundatiaaxis.ro\/wp-content\/uploads\/Stefanescu-cristinel_seria-medicina-150x150.jpg\" alt=\"\" width=\"150\" height=\"150\" \/><\/a><a href=\"http:\/\/fundatiaaxis.ro\/wp-content\/uploads\/Stefanescu-Gabriela_seria-medicina.jpg\"><\/a><\/strong><\/td>\n<td width=\"276\" valign=\"top\">Cristinel \u015etef\u0103nescu,<em> Basic Psychiatry\u00a0 for Medical Students<\/em><strong>\u00a0<\/strong><\/td>\n<td width=\"156\" valign=\"top\">2007<strong>\u00a0<\/strong><\/td>\n<\/tr>\n<tr>\n<td width=\"223\" valign=\"top\"><strong><a href=\"http:\/\/fundatiaaxis.ro\/wp-content\/uploads\/Moraru_seria-medicina.jpg\"><img loading=\"lazy\" class=\"alignnone size-thumbnail wp-image-42\" title=\"Moraru_seria medicina\" src=\"http:\/\/fundatiaaxis.ro\/wp-content\/uploads\/Moraru_seria-medicina-150x150.jpg\" alt=\"\" width=\"150\" height=\"150\" \/><\/a><\/strong><\/td>\n<td width=\"276\" valign=\"top\">Dan Moraru et al,<em> Pediatrie \u2013 patologie digestiv\u0103 nutri\u0163ional\u0103 \u015fi neurologic\u0103 la copil<\/em><strong>\u00a0<\/strong><\/td>\n<td width=\"156\" valign=\"top\">2008<strong>\u00a0<\/strong><\/td>\n<\/tr>\n<tr>\n<td width=\"223\" valign=\"top\"><strong><a href=\"http:\/\/fundatiaaxis.ro\/wp-content\/uploads\/Aursulesei_seria-medicina.jpg\"><img loading=\"lazy\" class=\"alignnone size-thumbnail wp-image-11\" title=\"Aursulesei_seria medicina\" src=\"http:\/\/fundatiaaxis.ro\/wp-content\/uploads\/Aursulesei_seria-medicina-150x150.jpg\" alt=\"\" width=\"150\" height=\"150\" \/><\/a><\/strong><\/td>\n<td width=\"276\" valign=\"top\">Viviana Aursulesei,<em> Ba<\/em><em>ze fiziopatologice ale evalu\u0103rii endoteliului vascular<\/em><strong>\u00a0<\/strong><\/td>\n<td width=\"156\" valign=\"top\">2008<strong>\u00a0<\/strong><\/td>\n<\/tr>\n<tr>\n<td width=\"223\" valign=\"top\"><strong><a href=\"http:\/\/fundatiaaxis.ro\/wp-content\/uploads\/Cojocariu-Camelia_seria-medicina.jpg\"><img loading=\"lazy\" class=\"alignnone size-thumbnail wp-image-26\" title=\"Cojocariu Camelia_seria medicina\" src=\"http:\/\/fundatiaaxis.ro\/wp-content\/uploads\/Cojocariu-Camelia_seria-medicina-150x150.jpg\" alt=\"\" width=\"150\" height=\"150\" \/><\/a><\/strong><\/td>\n<td width=\"276\" valign=\"top\">Camelia Cojocariu,<em> Boli genetice hepatice<\/em><strong><\/strong><\/td>\n<td width=\"156\" valign=\"top\">2008<strong>\u00a0<\/strong><\/td>\n<\/tr>\n<tr>\n<td width=\"223\" valign=\"top\"><strong><a href=\"http:\/\/fundatiaaxis.ro\/wp-content\/uploads\/Stefanescu-Gabriela_seria-medicina.jpg\"><img loading=\"lazy\" title=\"Stefanescu Gabriela_seria medicina\" src=\"http:\/\/fundatiaaxis.ro\/wp-content\/uploads\/Stefanescu-Gabriela_seria-medicina-150x150.jpg\" alt=\"\" width=\"150\" height=\"150\" \/><\/a><\/strong><\/td>\n<td width=\"276\" valign=\"top\">Gabriela \u015etef\u0103nescu,<em> No<\/em><em>\u0163iuni de baz\u0103 \u00een gastroenterologie<\/em><strong><\/strong><\/td>\n<td width=\"156\" valign=\"top\">2008<strong>\u00a0<\/strong><\/td>\n<\/tr>\n<tr>\n<td width=\"223\" valign=\"top\"><strong><a href=\"http:\/\/fundatiaaxis.ro\/wp-content\/uploads\/BOZOMITU-L_seria-medicina.jpg\"><img loading=\"lazy\" class=\"alignnone size-thumbnail wp-image-15\" title=\"BOZOMITU L_seria medicina\" src=\"http:\/\/fundatiaaxis.ro\/wp-content\/uploads\/BOZOMITU-L_seria-medicina-150x150.jpg\" alt=\"\" width=\"150\" height=\"150\" \/><\/a><\/strong><\/td>\n<td width=\"276\" valign=\"top\">Laura Bozomitu,<em> Ciroza hepatic\u0103 \u015fi alte cauze de hipertensiune portal\u0103 la copil<\/em><strong><\/strong><\/td>\n<td width=\"156\" valign=\"top\">2008<strong>\u00a0<\/strong><\/td>\n<\/tr>\n<tr>\n<td width=\"223\" valign=\"top\"><a href=\"http:\/\/fundatiaaxis.ro\/wp-content\/uploads\/Sfarti-Catalin_seria-medicina.jpg\"><img loading=\"lazy\" class=\"alignnone size-thumbnail wp-image-49\" title=\"Sfarti Catalin_seria medicina\" src=\"http:\/\/fundatiaaxis.ro\/wp-content\/uploads\/Sfarti-Catalin_seria-medicina-150x150.jpg\" alt=\"\" width=\"150\" height=\"150\" \/><\/a><\/td>\n<td width=\"276\" valign=\"top\">C\u0103t\u0103lin Sfarti,<em> Motilitatea gastric\u0103 &#8211; normal \u015fi patologic<\/em><\/td>\n<td width=\"156\" valign=\"top\">2009<\/td>\n<\/tr>\n<\/tbody>\n<\/table>\n<p><!--:--><!--:en-->\u00a0<\/p>\n<table border=\"1\" cellspacing=\"0\" cellpadding=\"0\">\n<tbody>\n<tr>\n<td width=\"223\" valign=\"top\"><strong>\u00a0<\/strong><\/td>\n<td width=\"276\" valign=\"top\">Ioan Ambros\u0103, Gh. Solcan, Ioan Liviu Mitrea,<em> Semiologie veterinar\u0103 \u015fi diagnostic clinic<\/em><strong>\u00a0<\/strong><\/td>\n<td width=\"156\" valign=\"top\">2000<strong>\u00a0<\/strong><\/td>\n<\/tr>\n<tr>\n<td width=\"223\" valign=\"top\"><strong>\u00a0<\/strong><\/td>\n<td width=\"276\" valign=\"top\">Iolanda Tobolcea,<em> Orient\u0103ri psihologice \u015fi logopedice \u00een logone\u00advroz\u0103<\/em><strong>\u00a0<\/strong><\/td>\n<td width=\"156\" valign=\"top\">2000<strong>\u00a0<\/strong><\/td>\n<\/tr>\n<tr>\n<td width=\"223\" valign=\"top\"><strong><a href=\"http:\/\/fundatiaaxis.ro\/wp-content\/uploads\/Danaila_Semiologie_seria-medicina.jpg\"><img loading=\"lazy\" class=\"alignnone size-thumbnail wp-image-29\" title=\"Danaila_Semiologie_seria medicina\" src=\"http:\/\/fundatiaaxis.ro\/wp-content\/uploads\/Danaila_Semiologie_seria-medicina-150x150.jpg\" alt=\"\" width=\"150\" height=\"150\" \/><\/a><\/strong><\/td>\n<td width=\"276\" valign=\"top\">C\u0103t\u0103lin D\u0103n\u0103il\u0103,<em> Semiologie medical\u0103 \u2013 Hematologie<\/em><strong>\u00a0<\/strong><\/td>\n<td width=\"156\" valign=\"top\">2007<strong>\u00a0<\/strong><\/td>\n<\/tr>\n<tr>\n<td width=\"223\" valign=\"top\"><strong><a href=\"http:\/\/fundatiaaxis.ro\/wp-content\/uploads\/Stefanescu-cristinel_seria-medicina.jpg\"><img loading=\"lazy\" class=\"alignnone size-thumbnail wp-image-51\" title=\"Stefanescu cristinel_seria medicina\" src=\"http:\/\/fundatiaaxis.ro\/wp-content\/uploads\/Stefanescu-cristinel_seria-medicina-150x150.jpg\" alt=\"\" width=\"150\" height=\"150\" \/><\/a><a href=\"http:\/\/fundatiaaxis.ro\/wp-content\/uploads\/Stefanescu-Gabriela_seria-medicina.jpg\"><\/a><\/strong><\/td>\n<td width=\"276\" valign=\"top\">Cristinel \u015etef\u0103nescu,<em> Basic Psychiatry\u00a0 for Medical Students<\/em><strong>\u00a0<\/strong><\/td>\n<td width=\"156\" valign=\"top\">2007<strong>\u00a0<\/strong><\/td>\n<\/tr>\n<tr>\n<td width=\"223\" valign=\"top\"><strong><a href=\"http:\/\/fundatiaaxis.ro\/wp-content\/uploads\/Moraru_seria-medicina.jpg\"><img loading=\"lazy\" class=\"alignnone size-thumbnail wp-image-42\" title=\"Moraru_seria medicina\" src=\"http:\/\/fundatiaaxis.ro\/wp-content\/uploads\/Moraru_seria-medicina-150x150.jpg\" alt=\"\" width=\"150\" height=\"150\" \/><\/a><\/strong><\/td>\n<td width=\"276\" valign=\"top\">Dan Moraru et al,<em> Pediatrie \u2013 patologie digestiv\u0103 nutri\u0163ional\u0103 \u015fi neurologic\u0103 la copil<\/em><strong>\u00a0<\/strong><\/td>\n<td width=\"156\" valign=\"top\">2008<strong>\u00a0<\/strong><\/td>\n<\/tr>\n<tr>\n<td width=\"223\" valign=\"top\"><strong><a href=\"http:\/\/fundatiaaxis.ro\/wp-content\/uploads\/Aursulesei_seria-medicina.jpg\"><img loading=\"lazy\" class=\"alignnone size-thumbnail wp-image-11\" title=\"Aursulesei_seria medicina\" src=\"http:\/\/fundatiaaxis.ro\/wp-content\/uploads\/Aursulesei_seria-medicina-150x150.jpg\" alt=\"\" width=\"150\" height=\"150\" \/><\/a><\/strong><\/td>\n<td width=\"276\" valign=\"top\">Viviana Aursulesei,<em> Ba<\/em><em>ze fiziopatologice ale evalu\u0103rii endoteliului vascular<\/em><strong>\u00a0<\/strong><\/td>\n<td width=\"156\" valign=\"top\">2008<strong>\u00a0<\/strong><\/td>\n<\/tr>\n<tr>\n<td width=\"223\" valign=\"top\"><strong><a href=\"http:\/\/fundatiaaxis.ro\/wp-content\/uploads\/Cojocariu-Camelia_seria-medicina.jpg\"><img loading=\"lazy\" class=\"alignnone size-thumbnail wp-image-26\" title=\"Cojocariu Camelia_seria medicina\" src=\"http:\/\/fundatiaaxis.ro\/wp-content\/uploads\/Cojocariu-Camelia_seria-medicina-150x150.jpg\" alt=\"\" width=\"150\" height=\"150\" \/><\/a><\/strong><\/td>\n<td width=\"276\" valign=\"top\">Camelia Cojocariu,<em> Boli genetice hepatice<\/em><strong><\/strong><\/td>\n<td width=\"156\" valign=\"top\">2008<strong>\u00a0<\/strong><\/td>\n<\/tr>\n<tr>\n<td width=\"223\" valign=\"top\"><strong><a href=\"http:\/\/fundatiaaxis.ro\/wp-content\/uploads\/Stefanescu-Gabriela_seria-medicina.jpg\"><img loading=\"lazy\" title=\"Stefanescu Gabriela_seria medicina\" src=\"http:\/\/fundatiaaxis.ro\/wp-content\/uploads\/Stefanescu-Gabriela_seria-medicina-150x150.jpg\" alt=\"\" width=\"150\" height=\"150\" \/><\/a><\/strong><\/td>\n<td width=\"276\" valign=\"top\">Gabriela \u015etef\u0103nescu,<em> No<\/em><em>\u0163iuni de baz\u0103 \u00een gastroenterologie<\/em><strong><\/strong><\/td>\n<td width=\"156\" valign=\"top\">2008<strong>\u00a0<\/strong><\/td>\n<\/tr>\n<tr>\n<td width=\"223\" valign=\"top\"><strong><a href=\"http:\/\/fundatiaaxis.ro\/wp-content\/uploads\/BOZOMITU-L_seria-medicina.jpg\"><img loading=\"lazy\" class=\"alignnone size-thumbnail wp-image-15\" title=\"BOZOMITU L_seria medicina\" src=\"http:\/\/fundatiaaxis.ro\/wp-content\/uploads\/BOZOMITU-L_seria-medicina-150x150.jpg\" alt=\"\" width=\"150\" height=\"150\" \/><\/a><\/strong><\/td>\n<td width=\"276\" valign=\"top\">Laura Bozomitu,<em> Ciroza hepatic\u0103 \u015fi alte cauze de hipertensiune portal\u0103 la copil<\/em><strong><\/strong><\/td>\n<td width=\"156\" valign=\"top\">2008<strong>\u00a0<\/strong><\/td>\n<\/tr>\n<tr>\n<td width=\"223\" valign=\"top\"><a href=\"http:\/\/fundatiaaxis.ro\/wp-content\/uploads\/Sfarti-Catalin_seria-medicina.jpg\"><img loading=\"lazy\" class=\"alignnone size-thumbnail wp-image-49\" title=\"Sfarti Catalin_seria medicina\" src=\"http:\/\/fundatiaaxis.ro\/wp-content\/uploads\/Sfarti-Catalin_seria-medicina-150x150.jpg\" alt=\"\" width=\"150\" height=\"150\" \/><\/a><\/td>\n<td width=\"276\" valign=\"top\">C\u0103t\u0103lin Sfarti,<em> Motilitatea gastric\u0103 &#8211; normal \u015fi patologic<\/em><\/td>\n<td width=\"156\" valign=\"top\">2009<\/td>\n<\/tr>\n<\/tbody>\n<\/table>\n<p><!--:--><\/p>\n","protected":false},"excerpt":{"rendered":"<p>\u00a0 \u00a0 Ioan Ambros\u0103, Gh. Solcan, Ioan Liviu Mitrea, Semiologie veterinar\u0103 \u015fi diagnostic clinic\u00a0 2000\u00a0 \u00a0 Iolanda Tobolcea, Orient\u0103ri psihologice \u015fi logopedice \u00een logone\u00advroz\u0103\u00a0 2000\u00a0 C\u0103t\u0103lin D\u0103n\u0103il\u0103, Semiologie medical\u0103 \u2013 Hematologie\u00a0 2007\u00a0 Cristinel \u015etef\u0103nescu, Basic Psychiatry\u00a0 for Medical Students\u00a0 2007\u00a0 &hellip; <a href=\"https:\/\/fundatiaaxis.ro\/?page_id=62\">Continue reading <span class=\"meta-nav\">&rarr;<\/span><\/a><\/p>\n","protected":false},"author":1,"featured_media":0,"parent":56,"menu_order":0,"comment_status":"closed","ping_status":"closed","template":"","meta":[],"_links":{"self":[{"href":"https:\/\/fundatiaaxis.ro\/index.php?rest_route=\/wp\/v2\/pages\/62"}],"collection":[{"href":"https:\/\/fundatiaaxis.ro\/index.php?rest_route=\/wp\/v2\/pages"}],"about":[{"href":"https:\/\/fundatiaaxis.ro\/index.php?rest_route=\/wp\/v2\/types\/page"}],"author":[{"embeddable":true,"href":"https:\/\/fundatiaaxis.ro\/index.php?rest_route=\/wp\/v2\/users\/1"}],"replies":[{"embeddable":true,"href":"https:\/\/fundatiaaxis.ro\/index.php?rest_route=%2Fwp%2Fv2%2Fcomments&post=62"}],"version-history":[{"count":8,"href":"https:\/\/fundatiaaxis.ro\/index.php?rest_route=\/wp\/v2\/pages\/62\/revisions"}],"predecessor-version":[{"id":522,"href":"https:\/\/fundatiaaxis.ro\/index.php?rest_route=\/wp\/v2\/pages\/62\/revisions\/522"}],"up":[{"embeddable":true,"href":"https:\/\/fundatiaaxis.ro\/index.php?rest_route=\/wp\/v2\/pages\/56"}],"wp:attachment":[{"href":"https:\/\/fundatiaaxis.ro\/index.php?rest_route=%2Fwp%2Fv2%2Fmedia&parent=62"}],"curies":[{"name":"wp","href":"https:\/\/api.w.org\/{rel}","templated":true}]}}