{"id":64,"date":"2011-06-17T05:46:36","date_gmt":"2011-06-17T05:46:36","guid":{"rendered":"http:\/\/fundatiaaxis.ro\/?page_id=64"},"modified":"2021-03-29T17:05:52","modified_gmt":"2021-03-29T17:05:52","slug":"sociologie","status":"publish","type":"page","link":"https:\/\/fundatiaaxis.ro\/?page_id=64","title":{"rendered":"SOCIOLOGIE"},"content":{"rendered":"<p><!--:ro-->\u00a0<\/p>\n<table border=\"1\" cellspacing=\"0\" cellpadding=\"0\">\n<tbody>\n<tr>\n<td width=\"163\" valign=\"top\"><strong>Autor<\/strong><\/td>\n<td width=\"312\" valign=\"top\"><strong>Titlu<\/strong><\/td>\n<td width=\"108\" valign=\"top\"><strong>Anul<\/strong><\/td>\n<\/tr>\n<tr>\n<td width=\"163\" valign=\"top\"><strong>\u00a0<\/strong><\/td>\n<td width=\"312\" valign=\"top\">Gh. Teodorescu (coordonator), <em>Un secol de sociologie rom\u00e2nesc\u0103 (1897-1997)<\/em><strong>\u00a0<\/strong><\/td>\n<td width=\"108\" valign=\"top\">1997<strong>\u00a0<\/strong><\/td>\n<\/tr>\n<tr>\n<td width=\"163\" valign=\"top\"><strong>\u00a0<\/strong><\/td>\n<td width=\"312\" valign=\"top\">Nicolae Kall\u00f3s,<em> Cr\u00e2mpei de via\u0163\u0103 din secolul XX Un dialog despre evreitate holocaust \u015fi comunism ca experien\u0163e personale<\/em><strong>\u00a0<\/strong><\/td>\n<td width=\"108\" valign=\"top\">2003<strong>\u00a0<\/strong><\/td>\n<\/tr>\n<tr>\n<td width=\"163\" valign=\"top\"><strong><a href=\"http:\/\/fundatiaaxis.ro\/wp-content\/uploads\/Teodorescu_seria-sociologie.jpg\"><img loading=\"lazy\" class=\"alignnone size-thumbnail wp-image-54\" title=\"Teodorescu_seria sociologie\" src=\"http:\/\/fundatiaaxis.ro\/wp-content\/uploads\/Teodorescu_seria-sociologie-150x150.jpg\" alt=\"\" width=\"150\" height=\"150\" \/><\/a><\/strong><\/td>\n<td width=\"312\" valign=\"top\">Gheorghe Teodorescu<em>, Sociologia mirabilis<\/em><strong>\u00a0<\/strong><\/td>\n<td width=\"108\" valign=\"top\">2003<strong>\u00a0<\/strong><\/td>\n<\/tr>\n<tr>\n<td width=\"163\" valign=\"top\"><strong>\u00a0<\/strong><\/td>\n<td width=\"312\" valign=\"top\">Manuela Gheorghe, <em>\u00a0Religie \u015fi schimbare social\u0103 \u00een Rom\u00e2nia<\/em><strong>\u00a0<\/strong><\/td>\n<td width=\"108\" valign=\"top\">2004<strong>\u00a0<\/strong><\/td>\n<\/tr>\n<tr>\n<td width=\"163\" valign=\"top\"><strong>\u00a0<\/strong><\/td>\n<td width=\"312\" valign=\"top\">Maria Cojocaru,<em> Sociologia industrial\u0103<\/em><strong>\u00a0<\/strong><\/td>\n<td width=\"108\" valign=\"top\">2004<strong>\u00a0<\/strong><\/td>\n<\/tr>\n<tr>\n<td width=\"163\" valign=\"top\"><strong>\u00a0<\/strong><\/td>\n<td width=\"312\" valign=\"top\">Dumitru Stan<em>, Introducere \u00een sociologie<\/em><strong>\u00a0<\/strong><\/td>\n<td width=\"108\" valign=\"top\">2004<strong>\u00a0<\/strong><\/td>\n<\/tr>\n<tr>\n<td width=\"163\" valign=\"top\"><strong>\u00a0<\/strong><\/td>\n<td width=\"312\" valign=\"top\">Adrian Netedu,<em> Informatic\u0103 \u015fi analiza datelor pentru \u015ftiin\u0163ele sociale<\/em><strong>\u00a0<\/strong><\/td>\n<td width=\"108\" valign=\"top\">2005<strong>\u00a0<\/strong><\/td>\n<\/tr>\n<tr>\n<td width=\"163\" valign=\"top\"><strong>\u00a0<\/strong><\/td>\n<td width=\"312\" valign=\"top\">Gheorghe Teodorescu<em>, Sociologia mirabilis<\/em> edi\u0163ia a II-a<strong>\u00a0<\/strong><\/td>\n<td width=\"108\" valign=\"top\">2006<strong>\u00a0<\/strong><\/td>\n<\/tr>\n<tr>\n<td width=\"163\" valign=\"top\"><strong>\u00a0<\/strong><\/td>\n<td width=\"312\" valign=\"top\">Vasile Miftode, <em>\u00a0Metodologie sociologic\u0103<\/em><strong>\u00a0<\/strong><\/td>\n<td width=\"108\" valign=\"top\">2006<strong>\u00a0<\/strong><\/td>\n<\/tr>\n<tr>\n<td width=\"163\" valign=\"top\"><strong>\u00a0<\/strong><\/td>\n<td width=\"312\" valign=\"top\">Maria Cojocaru, <em>\u00a0Managementul organiza\u0163iei<\/em><strong>\u00a0<\/strong><\/td>\n<td width=\"108\" valign=\"top\">2006<strong>\u00a0<\/strong><\/td>\n<\/tr>\n<tr>\n<td width=\"163\" valign=\"top\"><strong>\u00a0<\/strong><\/td>\n<td width=\"312\" valign=\"top\">Maria Cojocaru, <em>Sociologia muncii \u015fi \u015fomajului<\/em><strong>\u00a0<\/strong><\/td>\n<td width=\"108\" valign=\"top\">2006<strong>\u00a0<\/strong><\/td>\n<\/tr>\n<tr>\n<td width=\"163\" valign=\"top\"><strong><a href=\"http:\/\/fundatiaaxis.ro\/wp-content\/uploads\/Gavriluta_Miscari-religioase_seria-sociologie.jpg\"><img loading=\"lazy\" class=\"alignnone size-thumbnail wp-image-35\" title=\"Gavriluta_Miscari religioase_seria sociologie\" src=\"http:\/\/fundatiaaxis.ro\/wp-content\/uploads\/Gavriluta_Miscari-religioase_seria-sociologie-150x150.jpg\" alt=\"\" width=\"150\" height=\"150\" \/><\/a><\/strong><\/td>\n<td width=\"312\" valign=\"top\">Nicu Gavrilu\u0163\u0103, <em>\u00a0Mi\u015fc\u0103ri religioase orientale<\/em><strong>\u00a0<\/strong><\/td>\n<td width=\"108\" valign=\"top\">2006<strong>\u00a0<\/strong><\/td>\n<\/tr>\n<tr>\n<td width=\"163\" valign=\"top\"><strong><a href=\"http:\/\/fundatiaaxis.ro\/wp-content\/uploads\/Cojocaru-M-et-alii_seria-sociologie.jpg\"><img loading=\"lazy\" class=\"alignnone size-thumbnail wp-image-27\" title=\"Cojocaru M et alii_seria sociologie\" src=\"http:\/\/fundatiaaxis.ro\/wp-content\/uploads\/Cojocaru-M-et-alii_seria-sociologie-150x150.jpg\" alt=\"\" width=\"150\" height=\"150\" \/><\/a><\/strong><\/td>\n<td width=\"312\" valign=\"top\">Maria Cojocaru &amp; Lavinia Popp &amp; Mihaela R\u0103doi, <em>\u00a0P<\/em><em>olitica ocup\u0103rii for\u0163ei de munc\u0103<\/em><strong><\/strong><\/td>\n<td width=\"108\" valign=\"top\">2008<strong>\u00a0<\/strong><\/td>\n<\/tr>\n<\/tbody>\n<\/table>\n<p><!--:--><!--:en-->\u00a0<\/p>\n<table border=\"1\" cellspacing=\"0\" cellpadding=\"0\">\n<tbody>\n<tr>\n<td width=\"163\" valign=\"top\"><strong>Autor<\/strong><\/td>\n<td width=\"312\" valign=\"top\"><strong>Titlu<\/strong><\/td>\n<td width=\"108\" valign=\"top\"><strong>Anul<\/strong><\/td>\n<\/tr>\n<tr>\n<td width=\"163\" valign=\"top\"><strong>\u00a0<\/strong><\/td>\n<td width=\"312\" valign=\"top\">Gh. Teodorescu (coordonator), <em>Un secol de sociologie rom\u00e2nesc\u0103 (1897-1997)<\/em><strong>\u00a0<\/strong><\/td>\n<td width=\"108\" valign=\"top\">1997<strong>\u00a0<\/strong><\/td>\n<\/tr>\n<tr>\n<td width=\"163\" valign=\"top\"><strong>\u00a0<\/strong><\/td>\n<td width=\"312\" valign=\"top\">Nicolae Kall\u00f3s,<em> Cr\u00e2mpei de via\u0163\u0103 din secolul XX Un dialog despre evreitate holocaust \u015fi comunism ca experien\u0163e personale<\/em><strong>\u00a0<\/strong><\/td>\n<td width=\"108\" valign=\"top\">2003<strong>\u00a0<\/strong><\/td>\n<\/tr>\n<tr>\n<td width=\"163\" valign=\"top\"><strong><a href=\"http:\/\/fundatiaaxis.ro\/wp-content\/uploads\/Teodorescu_seria-sociologie.jpg\"><img loading=\"lazy\" class=\"alignnone size-thumbnail wp-image-54\" title=\"Teodorescu_seria sociologie\" src=\"http:\/\/fundatiaaxis.ro\/wp-content\/uploads\/Teodorescu_seria-sociologie-150x150.jpg\" alt=\"\" width=\"150\" height=\"150\" \/><\/a><\/strong><\/td>\n<td width=\"312\" valign=\"top\">Gheorghe Teodorescu<em>, Sociologia mirabilis<\/em><strong>\u00a0<\/strong><\/td>\n<td width=\"108\" valign=\"top\">2003<strong>\u00a0<\/strong><\/td>\n<\/tr>\n<tr>\n<td width=\"163\" valign=\"top\"><strong>\u00a0<\/strong><\/td>\n<td width=\"312\" valign=\"top\">Manuela Gheorghe, <em>\u00a0Religie \u015fi schimbare social\u0103 \u00een Rom\u00e2nia<\/em><strong>\u00a0<\/strong><\/td>\n<td width=\"108\" valign=\"top\">2004<strong>\u00a0<\/strong><\/td>\n<\/tr>\n<tr>\n<td width=\"163\" valign=\"top\"><strong>\u00a0<\/strong><\/td>\n<td width=\"312\" valign=\"top\">Maria Cojocaru,<em> Sociologia industrial\u0103<\/em><strong>\u00a0<\/strong><\/td>\n<td width=\"108\" valign=\"top\">2004<strong>\u00a0<\/strong><\/td>\n<\/tr>\n<tr>\n<td width=\"163\" valign=\"top\"><strong>\u00a0<\/strong><\/td>\n<td width=\"312\" valign=\"top\">Dumitru Stan<em>, Introducere \u00een sociologie<\/em><strong>\u00a0<\/strong><\/td>\n<td width=\"108\" valign=\"top\">2004<strong>\u00a0<\/strong><\/td>\n<\/tr>\n<tr>\n<td width=\"163\" valign=\"top\"><strong>\u00a0<\/strong><\/td>\n<td width=\"312\" valign=\"top\">Adrian Netedu,<em> Informatic\u0103 \u015fi analiza datelor pentru \u015ftiin\u0163ele sociale<\/em><strong>\u00a0<\/strong><\/td>\n<td width=\"108\" valign=\"top\">2005<strong>\u00a0<\/strong><\/td>\n<\/tr>\n<tr>\n<td width=\"163\" valign=\"top\"><strong>\u00a0<\/strong><\/td>\n<td width=\"312\" valign=\"top\">Gheorghe Teodorescu<em>, Sociologia mirabilis<\/em> edi\u0163ia a II-a<strong>\u00a0<\/strong><\/td>\n<td width=\"108\" valign=\"top\">2006<strong>\u00a0<\/strong><\/td>\n<\/tr>\n<tr>\n<td width=\"163\" valign=\"top\"><strong>\u00a0<\/strong><\/td>\n<td width=\"312\" valign=\"top\">Vasile Miftode, <em>\u00a0Metodologie sociologic\u0103<\/em><strong>\u00a0<\/strong><\/td>\n<td width=\"108\" valign=\"top\">2006<strong>\u00a0<\/strong><\/td>\n<\/tr>\n<tr>\n<td width=\"163\" valign=\"top\"><strong>\u00a0<\/strong><\/td>\n<td width=\"312\" valign=\"top\">Maria Cojocaru, <em>\u00a0Managementul organiza\u0163iei<\/em><strong>\u00a0<\/strong><\/td>\n<td width=\"108\" valign=\"top\">2006<strong>\u00a0<\/strong><\/td>\n<\/tr>\n<tr>\n<td width=\"163\" valign=\"top\"><strong>\u00a0<\/strong><\/td>\n<td width=\"312\" valign=\"top\">Maria Cojocaru, <em>Sociologia muncii \u015fi \u015fomajului<\/em><strong>\u00a0<\/strong><\/td>\n<td width=\"108\" valign=\"top\">2006<strong>\u00a0<\/strong><\/td>\n<\/tr>\n<tr>\n<td width=\"163\" valign=\"top\"><strong><a href=\"http:\/\/fundatiaaxis.ro\/wp-content\/uploads\/Gavriluta_Miscari-religioase_seria-sociologie.jpg\"><img loading=\"lazy\" class=\"alignnone size-thumbnail wp-image-35\" title=\"Gavriluta_Miscari religioase_seria sociologie\" src=\"http:\/\/fundatiaaxis.ro\/wp-content\/uploads\/Gavriluta_Miscari-religioase_seria-sociologie-150x150.jpg\" alt=\"\" width=\"150\" height=\"150\" \/><\/a><\/strong><\/td>\n<td width=\"312\" valign=\"top\">Nicu Gavrilu\u0163\u0103, <em>\u00a0Mi\u015fc\u0103ri religioase orientale<\/em><strong>\u00a0<\/strong><\/td>\n<td width=\"108\" valign=\"top\">2006<strong>\u00a0<\/strong><\/td>\n<\/tr>\n<tr>\n<td width=\"163\" valign=\"top\"><strong><a href=\"http:\/\/fundatiaaxis.ro\/wp-content\/uploads\/Cojocaru-M-et-alii_seria-sociologie.jpg\"><img loading=\"lazy\" class=\"alignnone size-thumbnail wp-image-27\" title=\"Cojocaru M et alii_seria sociologie\" src=\"http:\/\/fundatiaaxis.ro\/wp-content\/uploads\/Cojocaru-M-et-alii_seria-sociologie-150x150.jpg\" alt=\"\" width=\"150\" height=\"150\" \/><\/a><\/strong><\/td>\n<td width=\"312\" valign=\"top\">Maria Cojocaru &amp; Lavinia Popp &amp; Mihaela R\u0103doi, <em>\u00a0P<\/em><em>olitica ocup\u0103rii for\u0163ei de munc\u0103<\/em><strong><\/strong><\/td>\n<td width=\"108\" valign=\"top\">2008<strong>\u00a0<\/strong><\/td>\n<\/tr>\n<\/tbody>\n<\/table>\n<p><!--:--><\/p>\n","protected":false},"excerpt":{"rendered":"<p>\u00a0 Autor Titlu Anul \u00a0 Gh. Teodorescu (coordonator), Un secol de sociologie rom\u00e2nesc\u0103 (1897-1997)\u00a0 1997\u00a0 \u00a0 Nicolae Kall\u00f3s, Cr\u00e2mpei de via\u0163\u0103 din secolul XX Un dialog despre evreitate holocaust \u015fi comunism ca experien\u0163e personale\u00a0 2003\u00a0 Gheorghe Teodorescu, Sociologia mirabilis\u00a0 2003\u00a0 &hellip; <a href=\"https:\/\/fundatiaaxis.ro\/?page_id=64\">Continue reading <span class=\"meta-nav\">&rarr;<\/span><\/a><\/p>\n","protected":false},"author":1,"featured_media":0,"parent":56,"menu_order":0,"comment_status":"closed","ping_status":"closed","template":"","meta":[],"_links":{"self":[{"href":"https:\/\/fundatiaaxis.ro\/index.php?rest_route=\/wp\/v2\/pages\/64"}],"collection":[{"href":"https:\/\/fundatiaaxis.ro\/index.php?rest_route=\/wp\/v2\/pages"}],"about":[{"href":"https:\/\/fundatiaaxis.ro\/index.php?rest_route=\/wp\/v2\/types\/page"}],"author":[{"embeddable":true,"href":"https:\/\/fundatiaaxis.ro\/index.php?rest_route=\/wp\/v2\/users\/1"}],"replies":[{"embeddable":true,"href":"https:\/\/fundatiaaxis.ro\/index.php?rest_route=%2Fwp%2Fv2%2Fcomments&post=64"}],"version-history":[{"count":8,"href":"https:\/\/fundatiaaxis.ro\/index.php?rest_route=\/wp\/v2\/pages\/64\/revisions"}],"predecessor-version":[{"id":532,"href":"https:\/\/fundatiaaxis.ro\/index.php?rest_route=\/wp\/v2\/pages\/64\/revisions\/532"}],"up":[{"embeddable":true,"href":"https:\/\/fundatiaaxis.ro\/index.php?rest_route=\/wp\/v2\/pages\/56"}],"wp:attachment":[{"href":"https:\/\/fundatiaaxis.ro\/index.php?rest_route=%2Fwp%2Fv2%2Fmedia&parent=64"}],"curies":[{"name":"wp","href":"https:\/\/api.w.org\/{rel}","templated":true}]}}